{"id":171,"date":"2023-08-23T21:09:09","date_gmt":"2023-08-24T00:09:09","guid":{"rendered":"https:\/\/pdbguilherme.com\/?page_id=171"},"modified":"2023-08-30T16:59:51","modified_gmt":"2023-08-30T19:59:51","slug":"parceiros-e-projetos","status":"publish","type":"page","link":"https:\/\/pdbguilherme.com\/?page_id=171","title":{"rendered":"Parceiros e Projetos"},"content":{"rendered":"\n<div class=\"wp-block-group alignfull has-ti-bg-alt-background-color has-background is-layout-constrained wp-block-group-is-layout-constrained\" style=\"margin-top:0px;margin-bottom:0px;padding-top:64px;padding-bottom:63px\">\n<div class=\"wp-block-columns alignwide has-ti-bg-background-color has-background is-layout-flex wp-container-core-columns-is-layout-af7919c9 wp-block-columns-is-layout-flex\" style=\"padding-top:0px;padding-right:0px;padding-bottom:0px;padding-left:0px\">\n<div class=\"wp-block-column has-ti-bg-background-color has-background is-layout-flow wp-container-core-column-is-layout-47e5a185 wp-block-column-is-layout-flow\">\n<figure class=\"wp-block-image size-large\"><img loading=\"lazy\" decoding=\"async\" width=\"921\" height=\"1024\" src=\"https:\/\/pdbguilherme.com\/wp-content\/uploads\/2023\/08\/logo_4_Prancheta-1-921x1024.png\" alt=\"\" class=\"wp-image-249\" srcset=\"https:\/\/pdbguilherme.com\/wp-content\/uploads\/2023\/08\/logo_4_Prancheta-1-921x1024.png 921w, https:\/\/pdbguilherme.com\/wp-content\/uploads\/2023\/08\/logo_4_Prancheta-1-270x300.png 270w, https:\/\/pdbguilherme.com\/wp-content\/uploads\/2023\/08\/logo_4_Prancheta-1-768x854.png 768w, https:\/\/pdbguilherme.com\/wp-content\/uploads\/2023\/08\/logo_4_Prancheta-1-1382x1536.png 1382w, https:\/\/pdbguilherme.com\/wp-content\/uploads\/2023\/08\/logo_4_Prancheta-1-1842x2048.png 1842w, https:\/\/pdbguilherme.com\/wp-content\/uploads\/2023\/08\/logo_4_Prancheta-1.png 1942w\" sizes=\"auto, (max-width: 921px) 100vw, 921px\" \/><\/figure>\n<\/div>\n\n\n\n<div class=\"wp-block-column is-vertically-aligned-center has-ti-bg-background-color has-background is-layout-flow wp-block-column-is-layout-flow\" style=\"padding-top:24px;padding-right:24px;padding-bottom:24px;padding-left:24px\">\n<p class=\"has-small-font-size\" style=\"text-transform:uppercase\"><strong>Projeto 1<\/strong><\/p>\n\n\n\n<h4 class=\"wp-block-heading\"><strong>Projeto Data Symbion<\/strong><\/h4>\n\n\n\n<p>O foco do Projeto Data Symbion \u00e9 a busca por solu\u00e7\u00f5es tecnol\u00f3gicas, para desenvolver um sistema de banco de dados centralizado sobre a fauna mar\u00edtima da regi\u00e3o portu\u00e1ria.<\/p>\n\n\n\n<div class=\"wp-block-buttons is-layout-flex wp-block-buttons-is-layout-flex\">\n<div class=\"wp-block-button\"><a class=\"wp-block-button__link wp-element-button\">Saber mais<\/a><\/div>\n<\/div>\n<\/div>\n<\/div>\n\n\n\n<div class=\"wp-block-columns alignwide has-ti-bg-background-color has-background is-layout-flex wp-container-core-columns-is-layout-af7919c9 wp-block-columns-is-layout-flex\" style=\"padding-top:0px;padding-right:0px;padding-bottom:0px;padding-left:0px\">\n<div class=\"wp-block-column has-ti-bg-background-color has-background is-layout-flow wp-container-core-column-is-layout-47e5a185 wp-block-column-is-layout-flow\">\n<figure class=\"wp-block-image size-large size-full\"><img loading=\"lazy\" decoding=\"async\" width=\"1024\" height=\"808\" src=\"https:\/\/pdbguilherme.com\/wp-content\/uploads\/2023\/08\/LOGO_DATASYMBION_VETOR_Prancheta-1-1024x808.png\" alt=\"\" class=\"wp-image-173\" srcset=\"https:\/\/pdbguilherme.com\/wp-content\/uploads\/2023\/08\/LOGO_DATASYMBION_VETOR_Prancheta-1-1024x808.png 1024w, https:\/\/pdbguilherme.com\/wp-content\/uploads\/2023\/08\/LOGO_DATASYMBION_VETOR_Prancheta-1-300x237.png 300w, https:\/\/pdbguilherme.com\/wp-content\/uploads\/2023\/08\/LOGO_DATASYMBION_VETOR_Prancheta-1-768x606.png 768w, https:\/\/pdbguilherme.com\/wp-content\/uploads\/2023\/08\/LOGO_DATASYMBION_VETOR_Prancheta-1-1536x1212.png 1536w, https:\/\/pdbguilherme.com\/wp-content\/uploads\/2023\/08\/LOGO_DATASYMBION_VETOR_Prancheta-1-2048x1616.png 2048w\" sizes=\"auto, (max-width: 1024px) 100vw, 1024px\" \/><\/figure>\n<\/div>\n\n\n\n<div class=\"wp-block-column is-vertically-aligned-center has-ti-bg-background-color has-background is-layout-flow wp-block-column-is-layout-flow\" style=\"padding-top:24px;padding-right:24px;padding-bottom:24px;padding-left:24px\">\n<p class=\"has-small-font-size\" style=\"text-transform:uppercase\"><strong>Projeto 2<\/strong><\/p>\n\n\n\n<h4 class=\"wp-block-heading\"><strong>Data Symbion Environmental Intelligence<\/strong><\/h4>\n\n\n\n<p>Sistema de integra\u00e7\u00e3o, organiza\u00e7\u00e3o e an\u00e1lise de dados robusta e intuitiva que possa permitir seus usu\u00e1rios transformarem dados em <em>insights <\/em>valiosos para tomada de decis\u00f5es na \u00e1rea ambienta.<\/p>\n\n\n\n<div class=\"wp-block-buttons is-layout-flex wp-block-buttons-is-layout-flex\">\n<div class=\"wp-block-button\"><a class=\"wp-block-button__link wp-element-button\">Saber mais<\/a><\/div>\n<\/div>\n<\/div>\n<\/div>\n<\/div>\n","protected":false},"excerpt":{"rendered":"<p>Projeto 1 Projeto Data Symbion O foco do Projeto Data Symbion \u00e9 a busca por solu\u00e7\u00f5es tecnol\u00f3gicas, para desenvolver um sistema de banco de dados centralizado sobre a fauna mar\u00edtima da regi\u00e3o portu\u00e1ria. Projeto 2 Data Symbion Environmental Intelligence Sistema de integra\u00e7\u00e3o, organiza\u00e7\u00e3o e an\u00e1lise de dados robusta e intuitiva que possa permitir seus usu\u00e1rios [&hellip;]<\/p>\n","protected":false},"author":1,"featured_media":0,"parent":0,"menu_order":0,"comment_status":"closed","ping_status":"closed","template":"","meta":{"_uag_custom_page_level_css":"","footnotes":""},"class_list":["post-171","page","type-page","status-publish","hentry"],"uagb_featured_image_src":{"full":false,"thumbnail":false,"medium":false,"medium_large":false,"large":false,"1536x1536":false,"2048x2048":false},"uagb_author_info":{"display_name":"pdbguilherme","author_link":"https:\/\/pdbguilherme.com\/?author=1"},"uagb_comment_info":0,"uagb_excerpt":"Projeto 1 Projeto Data Symbion O foco do Projeto Data Symbion \u00e9 a busca por solu\u00e7\u00f5es tecnol\u00f3gicas, para desenvolver um sistema de banco de dados centralizado sobre a fauna mar\u00edtima da regi\u00e3o portu\u00e1ria. Projeto 2 Data Symbion Environmental Intelligence Sistema de integra\u00e7\u00e3o, organiza\u00e7\u00e3o e an\u00e1lise de dados robusta e intuitiva que possa permitir seus usu\u00e1rios&hellip;","_links":{"self":[{"href":"https:\/\/pdbguilherme.com\/index.php?rest_route=\/wp\/v2\/pages\/171","targetHints":{"allow":["GET"]}}],"collection":[{"href":"https:\/\/pdbguilherme.com\/index.php?rest_route=\/wp\/v2\/pages"}],"about":[{"href":"https:\/\/pdbguilherme.com\/index.php?rest_route=\/wp\/v2\/types\/page"}],"author":[{"embeddable":true,"href":"https:\/\/pdbguilherme.com\/index.php?rest_route=\/wp\/v2\/users\/1"}],"replies":[{"embeddable":true,"href":"https:\/\/pdbguilherme.com\/index.php?rest_route=%2Fwp%2Fv2%2Fcomments&post=171"}],"version-history":[{"count":4,"href":"https:\/\/pdbguilherme.com\/index.php?rest_route=\/wp\/v2\/pages\/171\/revisions"}],"predecessor-version":[{"id":250,"href":"https:\/\/pdbguilherme.com\/index.php?rest_route=\/wp\/v2\/pages\/171\/revisions\/250"}],"wp:attachment":[{"href":"https:\/\/pdbguilherme.com\/index.php?rest_route=%2Fwp%2Fv2%2Fmedia&parent=171"}],"curies":[{"name":"wp","href":"https:\/\/api.w.org\/{rel}","templated":true}]}}